{"id":8,"date":"2021-02-17T17:04:17","date_gmt":"2021-02-17T17:04:17","guid":{"rendered":"http:\/\/luxcocinas.com\/?page_id=8"},"modified":"2021-02-21T18:20:29","modified_gmt":"2021-02-21T18:20:29","slug":"la-casa-de-las-cocinas","status":"publish","type":"page","link":"https:\/\/luxcocinas.com\/index.php\/la-casa-de-las-cocinas\/","title":{"rendered":"SERVICIOS"},"content":{"rendered":"\t\t<div data-elementor-type=\"wp-page\" data-elementor-id=\"8\" class=\"elementor elementor-8\">\n\t\t\t\t\t\t<section class=\"elementor-section elementor-top-section elementor-element elementor-element-44789b6 elementor-section-full_width elementor-section-content-middle elementor-section-height-default elementor-section-height-default\" data-id=\"44789b6\" data-element_type=\"section\" data-settings=\"{&quot;background_background&quot;:&quot;gradient&quot;}\">\n\t\t\t\t\t\t<div class=\"elementor-container elementor-column-gap-no\">\n\t\t\t\t\t<div class=\"elementor-column elementor-col-100 elementor-top-column elementor-element elementor-element-8f0bfa6\" data-id=\"8f0bfa6\" data-element_type=\"column\">\n\t\t\t<div class=\"elementor-widget-wrap elementor-element-populated\">\n\t\t\t\t\t\t<div class=\"elementor-element elementor-element-fdeb9ae elementor-widget elementor-widget-spacer\" data-id=\"fdeb9ae\" data-element_type=\"widget\" data-widget_type=\"spacer.default\">\n\t\t\t\t<div class=\"elementor-widget-container\">\n\t\t\t\t\t<div class=\"elementor-spacer\">\n\t\t\t<div class=\"elementor-spacer-inner\"><\/div>\n\t\t<\/div>\n\t\t\t\t<\/div>\n\t\t\t\t<\/div>\n\t\t\t\t<section class=\"elementor-section elementor-inner-section elementor-element elementor-element-65fd078 elementor-section-full_width elementor-section-content-middle elementor-section-height-default elementor-section-height-default\" data-id=\"65fd078\" data-element_type=\"section\">\n\t\t\t\t\t\t<div class=\"elementor-container elementor-column-gap-default\">\n\t\t\t\t\t<div class=\"elementor-column elementor-col-50 elementor-inner-column elementor-element elementor-element-734a360\" data-id=\"734a360\" data-element_type=\"column\">\n\t\t\t<div class=\"elementor-widget-wrap elementor-element-populated\">\n\t\t\t\t\t\t<div class=\"elementor-element elementor-element-6c3677e elementor-widget elementor-widget-text-editor\" data-id=\"6c3677e\" data-element_type=\"widget\" data-widget_type=\"text-editor.default\">\n\t\t\t\t<div class=\"elementor-widget-container\">\n\t\t\t\t\t\t\t<h2>Trabajamos para ti<\/h2>\t\t\t\t\t\t<\/div>\n\t\t\t\t<\/div>\n\t\t\t\t<div class=\"elementor-element elementor-element-e1ebf6b elementor-widget elementor-widget-text-editor\" data-id=\"e1ebf6b\" data-element_type=\"widget\" data-widget_type=\"text-editor.default\">\n\t\t\t\t<div class=\"elementor-widget-container\">\n\t\t\t\t\t\t\t<h3>Dise\u00f1o de cocinas<\/h3>\t\t\t\t\t\t<\/div>\n\t\t\t\t<\/div>\n\t\t\t\t<div class=\"elementor-element elementor-element-26cd1e2 elementor-widget elementor-widget-text-editor\" data-id=\"26cd1e2\" data-element_type=\"widget\" data-widget_type=\"text-editor.default\">\n\t\t\t\t<div class=\"elementor-widget-container\">\n\t\t\t\t\t\t\t<p>\u00bfQuieres tener la cocina de tus sue\u00f1os, pero tienes el personal de confianza que se encargue de fabricarla? No importa, nosotros nos encargamos del dise\u00f1o, las mentes de Impulsa Arquitectos crear\u00e1n algo \u00fanico y especial adecuado a tus necesidades, te entregamos los planos para que tu mismo lo fabriques. Contamos con paquetes de dise\u00f1o preestablecidos, seguro alguno se adecua a tu presupuesto.<\/p>\t\t\t\t\t\t<\/div>\n\t\t\t\t<\/div>\n\t\t\t\t<div class=\"elementor-element elementor-element-388a99e elementor-widget elementor-widget-text-editor\" data-id=\"388a99e\" data-element_type=\"widget\" data-widget_type=\"text-editor.default\">\n\t\t\t\t<div class=\"elementor-widget-container\">\n\t\t\t\t\t\t\t<h3>Fabricaci\u00f3n de cocinas y m\u00e1s<\/h3>\t\t\t\t\t\t<\/div>\n\t\t\t\t<\/div>\n\t\t\t\t<div class=\"elementor-element elementor-element-7f17cc4 elementor-widget elementor-widget-text-editor\" data-id=\"7f17cc4\" data-element_type=\"widget\" data-widget_type=\"text-editor.default\">\n\t\t\t\t<div class=\"elementor-widget-container\">\n\t\t\t\t\t\t\t<p>\u00bfSabes exactamente lo que quieres, pero no tienes quien te lo fabrique? \u00a0Puedes confiar que nuestro taller de carpinter\u00eda es el indicado para tu proyecto, en Blackwood Muebles tenemos la experiencia, la energ\u00eda y el personal de primera que ayudar\u00e1 a materializar tu proyecto; adem\u00e1s, nuestro servicio de fabricaci\u00f3n no se limita a cocinas, fabricamos cl\u00f3sets, puertas y todo tipo de mobiliario a medida.<\/p>\t\t\t\t\t\t<\/div>\n\t\t\t\t<\/div>\n\t\t\t\t<div class=\"elementor-element elementor-element-503f9a9 elementor-widget elementor-widget-text-editor\" data-id=\"503f9a9\" data-element_type=\"widget\" data-widget_type=\"text-editor.default\">\n\t\t\t\t<div class=\"elementor-widget-container\">\n\t\t\t\t\t\t\t<h3>Dise\u00f1o y fabricaci\u00f3n<\/h3>\t\t\t\t\t\t<\/div>\n\t\t\t\t<\/div>\n\t\t\t\t<div class=\"elementor-element elementor-element-d7392c5 elementor-widget elementor-widget-text-editor\" data-id=\"d7392c5\" data-element_type=\"widget\" data-widget_type=\"text-editor.default\">\n\t\t\t\t<div class=\"elementor-widget-container\">\n\t\t\t\t\t\t\t<p>Danos la oportunidad de encargarnos de todo, ten la tranquilidad que tendr\u00e1s como resultado una cocina espectacular, cuidamos todos los detalles, nuestro equipo de carpinteros y trabajadores de la construcci\u00f3n est\u00e1n comprometidos a brindarte el mejor servicio. Para nosotros cada proyecto es \u00fanico y especial.<\/p>\t\t\t\t\t\t<\/div>\n\t\t\t\t<\/div>\n\t\t\t\t\t<\/div>\n\t\t<\/div>\n\t\t\t\t<div class=\"elementor-column elementor-col-50 elementor-inner-column elementor-element elementor-element-2c18123\" data-id=\"2c18123\" data-element_type=\"column\">\n\t\t\t<div class=\"elementor-widget-wrap elementor-element-populated\">\n\t\t\t\t\t\t<div class=\"elementor-element elementor-element-99ede86 elementor-widget elementor-widget-image\" data-id=\"99ede86\" data-element_type=\"widget\" data-widget_type=\"image.default\">\n\t\t\t\t<div class=\"elementor-widget-container\">\n\t\t\t\t\t\t\t\t\t\t\t\t\t<img fetchpriority=\"high\" decoding=\"async\" width=\"1024\" height=\"576\" src=\"https:\/\/luxcocinas.com\/wp-content\/uploads\/2021\/02\/COCINA-TUXTEPEC-1024x576.png\" class=\"attachment-large size-large wp-image-659\" alt=\"\" srcset=\"https:\/\/luxcocinas.com\/wp-content\/uploads\/2021\/02\/COCINA-TUXTEPEC-1024x576.png 1024w, https:\/\/luxcocinas.com\/wp-content\/uploads\/2021\/02\/COCINA-TUXTEPEC-300x169.png 300w, https:\/\/luxcocinas.com\/wp-content\/uploads\/2021\/02\/COCINA-TUXTEPEC-768x432.png 768w, https:\/\/luxcocinas.com\/wp-content\/uploads\/2021\/02\/COCINA-TUXTEPEC-600x338.png 600w, https:\/\/luxcocinas.com\/wp-content\/uploads\/2021\/02\/COCINA-TUXTEPEC.png 1080w\" sizes=\"(max-width: 1024px) 100vw, 1024px\" \/>\t\t\t\t\t\t\t\t\t\t\t\t\t<\/div>\n\t\t\t\t<\/div>\n\t\t\t\t<div class=\"elementor-element elementor-element-4ffd07b elementor-widget elementor-widget-image\" data-id=\"4ffd07b\" data-element_type=\"widget\" data-widget_type=\"image.default\">\n\t\t\t\t<div class=\"elementor-widget-container\">\n\t\t\t\t\t\t\t\t\t\t\t\t\t<img decoding=\"async\" width=\"1024\" height=\"768\" src=\"https:\/\/luxcocinas.com\/wp-content\/uploads\/2021\/02\/COCINA-ARIZU-4-1024x768.jpg\" class=\"attachment-large size-large wp-image-661\" alt=\"\" srcset=\"https:\/\/luxcocinas.com\/wp-content\/uploads\/2021\/02\/COCINA-ARIZU-4-1024x768.jpg 1024w, https:\/\/luxcocinas.com\/wp-content\/uploads\/2021\/02\/COCINA-ARIZU-4-300x225.jpg 300w, https:\/\/luxcocinas.com\/wp-content\/uploads\/2021\/02\/COCINA-ARIZU-4-768x576.jpg 768w, https:\/\/luxcocinas.com\/wp-content\/uploads\/2021\/02\/COCINA-ARIZU-4-1536x1152.jpg 1536w, https:\/\/luxcocinas.com\/wp-content\/uploads\/2021\/02\/COCINA-ARIZU-4-2048x1536.jpg 2048w, https:\/\/luxcocinas.com\/wp-content\/uploads\/2021\/02\/COCINA-ARIZU-4-600x450.jpg 600w\" sizes=\"(max-width: 1024px) 100vw, 1024px\" \/>\t\t\t\t\t\t\t\t\t\t\t\t\t<\/div>\n\t\t\t\t<\/div>\n\t\t\t\t\t<\/div>\n\t\t<\/div>\n\t\t\t\t\t<\/div>\n\t\t<\/section>\n\t\t\t\t\t<\/div>\n\t\t<\/div>\n\t\t\t\t\t<\/div>\n\t\t<\/section>\n\t\t\t\t<\/div>\n\t\t","protected":false},"excerpt":{"rendered":"<p>Cristina Jones Colors And Shapes Inspire Me&#8230; Mauris blandit aliquet elit, eget tincidunt nibh pulvinar a. Donec sollicitudin molestie malesuada. Curabitur arcu erat, accumsan id imperdiet et, porttitor at sem. Donec sollicitudin molestie malesuada. Cras ultricies ligula sed magna dictum porta. Quisque velit nisi, pretium ut lacinia in, elementum id enim. Donec rutrum congue leo &hellip;<\/p>\n<p class=\"read-more\"> <a class=\"\" href=\"https:\/\/websitedemos.net\/artist-02\/\"> <span class=\"screen-reader-text\">Home<\/span> Read More &raquo;<\/a><\/p>\n","protected":false},"author":1,"featured_media":0,"parent":0,"menu_order":0,"comment_status":"closed","ping_status":"closed","template":"elementor_header_footer","meta":{"site-sidebar-layout":"no-sidebar","site-content-layout":"page-builder","ast-site-content-layout":"","site-content-style":"default","site-sidebar-style":"default","ast-global-header-display":"","ast-banner-title-visibility":"","ast-main-header-display":"","ast-hfb-above-header-display":"","ast-hfb-below-header-display":"","ast-hfb-mobile-header-display":"","site-post-title":"disabled","ast-breadcrumbs-content":"","ast-featured-img":"disabled","footer-sml-layout":"","theme-transparent-header-meta":"default","adv-header-id-meta":"","stick-header-meta":"","header-above-stick-meta":"","header-main-stick-meta":"","header-below-stick-meta":"","astra-migrate-meta-layouts":"default","ast-page-background-enabled":"default","ast-page-background-meta":{"desktop":{"background-color":"var(--ast-global-color-4)","background-image":"","background-repeat":"repeat","background-position":"center center","background-size":"auto","background-attachment":"scroll","background-type":"","background-media":"","overlay-type":"","overlay-color":"","overlay-gradient":""},"tablet":{"background-color":"","background-image":"","background-repeat":"repeat","background-position":"center center","background-size":"auto","background-attachment":"scroll","background-type":"","background-media":"","overlay-type":"","overlay-color":"","overlay-gradient":""},"mobile":{"background-color":"","background-image":"","background-repeat":"repeat","background-position":"center center","background-size":"auto","background-attachment":"scroll","background-type":"","background-media":"","overlay-type":"","overlay-color":"","overlay-gradient":""}},"ast-content-background-meta":{"desktop":{"background-color":"var(--ast-global-color-5)","background-image":"","background-repeat":"repeat","background-position":"center center","background-size":"auto","background-attachment":"scroll","background-type":"","background-media":"","overlay-type":"","overlay-color":"","overlay-gradient":""},"tablet":{"background-color":"var(--ast-global-color-5)","background-image":"","background-repeat":"repeat","background-position":"center center","background-size":"auto","background-attachment":"scroll","background-type":"","background-media":"","overlay-type":"","overlay-color":"","overlay-gradient":""},"mobile":{"background-color":"var(--ast-global-color-5)","background-image":"","background-repeat":"repeat","background-position":"center center","background-size":"auto","background-attachment":"scroll","background-type":"","background-media":"","overlay-type":"","overlay-color":"","overlay-gradient":""}},"footnotes":""},"yoast_head":"<!-- This site is optimized with the Yoast SEO plugin v22.3 - https:\/\/yoast.com\/wordpress\/plugins\/seo\/ -->\n<title>SERVICIOS - LUX COCINAS by Blackwood Impulsa<\/title>\n<meta name=\"description\" content=\"Dise\u00f1amos y fabricamos la cocina de tus sue\u00f1os. \u00bfQuieres solo el dise\u00f1o? Haremos algo espectacular, \u00bfBuscas quien lo fabrique ? Lo fabricamos\" \/>\n<meta name=\"robots\" content=\"index, follow, max-snippet:-1, max-image-preview:large, max-video-preview:-1\" \/>\n<link rel=\"canonical\" href=\"https:\/\/luxcocinas.com\/index.php\/la-casa-de-las-cocinas\/\" \/>\n<meta property=\"og:locale\" content=\"en_US\" \/>\n<meta property=\"og:type\" content=\"article\" \/>\n<meta property=\"og:title\" content=\"SERVICIOS - LUX COCINAS by Blackwood Impulsa\" \/>\n<meta property=\"og:description\" content=\"Dise\u00f1amos y fabricamos la cocina de tus sue\u00f1os. \u00bfQuieres solo el dise\u00f1o? Haremos algo espectacular, \u00bfBuscas quien lo fabrique ? Lo fabricamos\" \/>\n<meta property=\"og:url\" content=\"https:\/\/luxcocinas.com\/index.php\/la-casa-de-las-cocinas\/\" \/>\n<meta property=\"og:site_name\" content=\"LUX COCINAS by Blackwood Impulsa\" \/>\n<meta property=\"article:modified_time\" content=\"2021-02-21T18:20:29+00:00\" \/>\n<meta property=\"og:image\" content=\"http:\/\/luxcocinas.com\/wp-content\/uploads\/2021\/02\/COCINA-TUXTEPEC-1024x576.png\" \/>\n<meta name=\"twitter:card\" content=\"summary_large_image\" \/>\n<meta name=\"twitter:label1\" content=\"Est. reading time\" \/>\n\t<meta name=\"twitter:data1\" content=\"2 minutes\" \/>\n<script type=\"application\/ld+json\" class=\"yoast-schema-graph\">{\"@context\":\"https:\/\/schema.org\",\"@graph\":[{\"@type\":\"WebPage\",\"@id\":\"https:\/\/luxcocinas.com\/index.php\/la-casa-de-las-cocinas\/\",\"url\":\"https:\/\/luxcocinas.com\/index.php\/la-casa-de-las-cocinas\/\",\"name\":\"SERVICIOS - LUX COCINAS by Blackwood Impulsa\",\"isPartOf\":{\"@id\":\"https:\/\/luxcocinas.com\/#website\"},\"primaryImageOfPage\":{\"@id\":\"https:\/\/luxcocinas.com\/index.php\/la-casa-de-las-cocinas\/#primaryimage\"},\"image\":{\"@id\":\"https:\/\/luxcocinas.com\/index.php\/la-casa-de-las-cocinas\/#primaryimage\"},\"thumbnailUrl\":\"http:\/\/luxcocinas.com\/wp-content\/uploads\/2021\/02\/COCINA-TUXTEPEC-1024x576.png\",\"datePublished\":\"2021-02-17T17:04:17+00:00\",\"dateModified\":\"2021-02-21T18:20:29+00:00\",\"description\":\"Dise\u00f1amos y fabricamos la cocina de tus sue\u00f1os. \u00bfQuieres solo el dise\u00f1o? Haremos algo espectacular, \u00bfBuscas quien lo fabrique ? Lo fabricamos\",\"breadcrumb\":{\"@id\":\"https:\/\/luxcocinas.com\/index.php\/la-casa-de-las-cocinas\/#breadcrumb\"},\"inLanguage\":\"en-US\",\"potentialAction\":[{\"@type\":\"ReadAction\",\"target\":[\"https:\/\/luxcocinas.com\/index.php\/la-casa-de-las-cocinas\/\"]}]},{\"@type\":\"ImageObject\",\"inLanguage\":\"en-US\",\"@id\":\"https:\/\/luxcocinas.com\/index.php\/la-casa-de-las-cocinas\/#primaryimage\",\"url\":\"https:\/\/luxcocinas.com\/wp-content\/uploads\/2021\/02\/COCINA-TUXTEPEC.png\",\"contentUrl\":\"https:\/\/luxcocinas.com\/wp-content\/uploads\/2021\/02\/COCINA-TUXTEPEC.png\",\"width\":1080,\"height\":608},{\"@type\":\"BreadcrumbList\",\"@id\":\"https:\/\/luxcocinas.com\/index.php\/la-casa-de-las-cocinas\/#breadcrumb\",\"itemListElement\":[{\"@type\":\"ListItem\",\"position\":1,\"name\":\"Portada\",\"item\":\"https:\/\/luxcocinas.com\/\"},{\"@type\":\"ListItem\",\"position\":2,\"name\":\"SERVICIOS\"}]},{\"@type\":\"WebSite\",\"@id\":\"https:\/\/luxcocinas.com\/#website\",\"url\":\"https:\/\/luxcocinas.com\/\",\"name\":\"LUX COCINAS by Blackwood Impulsa\",\"description\":\"Dale vida a tu cocina, dale LUX.\",\"publisher\":{\"@id\":\"https:\/\/luxcocinas.com\/#organization\"},\"potentialAction\":[{\"@type\":\"SearchAction\",\"target\":{\"@type\":\"EntryPoint\",\"urlTemplate\":\"https:\/\/luxcocinas.com\/?s={search_term_string}\"},\"query-input\":\"required name=search_term_string\"}],\"inLanguage\":\"en-US\"},{\"@type\":\"Organization\",\"@id\":\"https:\/\/luxcocinas.com\/#organization\",\"name\":\"LUX COCINAS by Blackwood Impulsa\",\"url\":\"https:\/\/luxcocinas.com\/\",\"logo\":{\"@type\":\"ImageObject\",\"inLanguage\":\"en-US\",\"@id\":\"https:\/\/luxcocinas.com\/#\/schema\/logo\/image\/\",\"url\":\"https:\/\/luxcocinas.com\/wp-content\/uploads\/2021\/02\/cropped-LOGO-LUX-COCINAS.png\",\"contentUrl\":\"https:\/\/luxcocinas.com\/wp-content\/uploads\/2021\/02\/cropped-LOGO-LUX-COCINAS.png\",\"width\":709,\"height\":236,\"caption\":\"LUX COCINAS  by Blackwood Impulsa\"},\"image\":{\"@id\":\"https:\/\/luxcocinas.com\/#\/schema\/logo\/image\/\"}}]}<\/script>\n<!-- \/ Yoast SEO plugin. -->","yoast_head_json":{"title":"SERVICIOS - LUX COCINAS by Blackwood Impulsa","description":"Dise\u00f1amos y fabricamos la cocina de tus sue\u00f1os. \u00bfQuieres solo el dise\u00f1o? Haremos algo espectacular, \u00bfBuscas quien lo fabrique ? Lo fabricamos","robots":{"index":"index","follow":"follow","max-snippet":"max-snippet:-1","max-image-preview":"max-image-preview:large","max-video-preview":"max-video-preview:-1"},"canonical":"https:\/\/luxcocinas.com\/index.php\/la-casa-de-las-cocinas\/","og_locale":"en_US","og_type":"article","og_title":"SERVICIOS - LUX COCINAS by Blackwood Impulsa","og_description":"Dise\u00f1amos y fabricamos la cocina de tus sue\u00f1os. \u00bfQuieres solo el dise\u00f1o? Haremos algo espectacular, \u00bfBuscas quien lo fabrique ? Lo fabricamos","og_url":"https:\/\/luxcocinas.com\/index.php\/la-casa-de-las-cocinas\/","og_site_name":"LUX COCINAS by Blackwood Impulsa","article_modified_time":"2021-02-21T18:20:29+00:00","og_image":[{"url":"http:\/\/luxcocinas.com\/wp-content\/uploads\/2021\/02\/COCINA-TUXTEPEC-1024x576.png"}],"twitter_card":"summary_large_image","twitter_misc":{"Est. reading time":"2 minutes"},"schema":{"@context":"https:\/\/schema.org","@graph":[{"@type":"WebPage","@id":"https:\/\/luxcocinas.com\/index.php\/la-casa-de-las-cocinas\/","url":"https:\/\/luxcocinas.com\/index.php\/la-casa-de-las-cocinas\/","name":"SERVICIOS - LUX COCINAS by Blackwood Impulsa","isPartOf":{"@id":"https:\/\/luxcocinas.com\/#website"},"primaryImageOfPage":{"@id":"https:\/\/luxcocinas.com\/index.php\/la-casa-de-las-cocinas\/#primaryimage"},"image":{"@id":"https:\/\/luxcocinas.com\/index.php\/la-casa-de-las-cocinas\/#primaryimage"},"thumbnailUrl":"http:\/\/luxcocinas.com\/wp-content\/uploads\/2021\/02\/COCINA-TUXTEPEC-1024x576.png","datePublished":"2021-02-17T17:04:17+00:00","dateModified":"2021-02-21T18:20:29+00:00","description":"Dise\u00f1amos y fabricamos la cocina de tus sue\u00f1os. \u00bfQuieres solo el dise\u00f1o? Haremos algo espectacular, \u00bfBuscas quien lo fabrique ? Lo fabricamos","breadcrumb":{"@id":"https:\/\/luxcocinas.com\/index.php\/la-casa-de-las-cocinas\/#breadcrumb"},"inLanguage":"en-US","potentialAction":[{"@type":"ReadAction","target":["https:\/\/luxcocinas.com\/index.php\/la-casa-de-las-cocinas\/"]}]},{"@type":"ImageObject","inLanguage":"en-US","@id":"https:\/\/luxcocinas.com\/index.php\/la-casa-de-las-cocinas\/#primaryimage","url":"https:\/\/luxcocinas.com\/wp-content\/uploads\/2021\/02\/COCINA-TUXTEPEC.png","contentUrl":"https:\/\/luxcocinas.com\/wp-content\/uploads\/2021\/02\/COCINA-TUXTEPEC.png","width":1080,"height":608},{"@type":"BreadcrumbList","@id":"https:\/\/luxcocinas.com\/index.php\/la-casa-de-las-cocinas\/#breadcrumb","itemListElement":[{"@type":"ListItem","position":1,"name":"Portada","item":"https:\/\/luxcocinas.com\/"},{"@type":"ListItem","position":2,"name":"SERVICIOS"}]},{"@type":"WebSite","@id":"https:\/\/luxcocinas.com\/#website","url":"https:\/\/luxcocinas.com\/","name":"LUX COCINAS by Blackwood Impulsa","description":"Dale vida a tu cocina, dale LUX.","publisher":{"@id":"https:\/\/luxcocinas.com\/#organization"},"potentialAction":[{"@type":"SearchAction","target":{"@type":"EntryPoint","urlTemplate":"https:\/\/luxcocinas.com\/?s={search_term_string}"},"query-input":"required name=search_term_string"}],"inLanguage":"en-US"},{"@type":"Organization","@id":"https:\/\/luxcocinas.com\/#organization","name":"LUX COCINAS by Blackwood Impulsa","url":"https:\/\/luxcocinas.com\/","logo":{"@type":"ImageObject","inLanguage":"en-US","@id":"https:\/\/luxcocinas.com\/#\/schema\/logo\/image\/","url":"https:\/\/luxcocinas.com\/wp-content\/uploads\/2021\/02\/cropped-LOGO-LUX-COCINAS.png","contentUrl":"https:\/\/luxcocinas.com\/wp-content\/uploads\/2021\/02\/cropped-LOGO-LUX-COCINAS.png","width":709,"height":236,"caption":"LUX COCINAS  by Blackwood Impulsa"},"image":{"@id":"https:\/\/luxcocinas.com\/#\/schema\/logo\/image\/"}}]}},"_links":{"self":[{"href":"https:\/\/luxcocinas.com\/index.php\/wp-json\/wp\/v2\/pages\/8"}],"collection":[{"href":"https:\/\/luxcocinas.com\/index.php\/wp-json\/wp\/v2\/pages"}],"about":[{"href":"https:\/\/luxcocinas.com\/index.php\/wp-json\/wp\/v2\/types\/page"}],"author":[{"embeddable":true,"href":"https:\/\/luxcocinas.com\/index.php\/wp-json\/wp\/v2\/users\/1"}],"replies":[{"embeddable":true,"href":"https:\/\/luxcocinas.com\/index.php\/wp-json\/wp\/v2\/comments?post=8"}],"version-history":[{"count":40,"href":"https:\/\/luxcocinas.com\/index.php\/wp-json\/wp\/v2\/pages\/8\/revisions"}],"predecessor-version":[{"id":811,"href":"https:\/\/luxcocinas.com\/index.php\/wp-json\/wp\/v2\/pages\/8\/revisions\/811"}],"wp:attachment":[{"href":"https:\/\/luxcocinas.com\/index.php\/wp-json\/wp\/v2\/media?parent=8"}],"curies":[{"name":"wp","href":"https:\/\/api.w.org\/{rel}","templated":true}]}}